 + l. What are the prime factors of p?
7
Let u = 187 + -89. List the prime factors of u.
2, 7
Let v = -10 - -11. List the prime factors of (1 + 2)*v*3.
3
Let w be (-5 - -2) + (-204)/(-4). Let r(y) = y**3 - 2*y**2 + 3*y - 3. Let n be r(2). List the prime factors of ((-1)/(-2))/(n/w).
2
Suppose 0 = -5*r - 2*q - 2*q + 17, -6 = 3*r - 3*q. Suppose -r = 4*w - 61. List the prime factors of w.
3, 5
Suppose 6*c - 749 = -c. List the prime factors of c.
107
Suppose -10 = 3*o - 61. Let z = o + -11. What are the prime factors of z?
2, 3
Let l = 7 - 2. List the prime factors of (16 - l)/(1 - 0).
11
What are the prime factors of ((-388)/2)/(4 - 0 - 6)?
97
Suppose 8 = 2*r - 2. Suppose m = 5*o - 29, -2*o + r*o + 3*m - 3 = 0. What are the prime factors of o?
5
Let a = 29 - 7. Suppose -a = 11*m - 13*m. What are the prime factors of m?
11
Suppose -n - 3*m - 4 = 0, -m + 2 = -2*n - 4*m. Suppose 5*o - 2*o = -5*c + 75, -30 = -n*c + 2*o. Suppose -5*h + 10*h - c = 0. What are the prime factors of h?
3
What are the prime factors of -2*26/(-8)*58?
13, 29
Let v be 6/(-2) + (-2 - -7). Let o = v + 0. Suppose 18 = o*s - 0*s. List the prime factors of s.
3
Let n(o) = 3*o**2 - 13*o - 10. List the prime factors of n(10).
2, 5
Suppose 0 = 2*y + 4*c - 16, 6 = -3*y + 2*c - 2. Suppose 8 = -4*o - y*o. List the prime factors of 5 - (o + 3)*2.
3
Suppose 0*r = -4*r - 4. List the prime factors of (-13)/(-3)*(2 - r).
13
Let r = 126 + -58. What are the prime factors of r?
2, 17
Let v = 16 - 14. Suppose 4*i - 24 = -0*w - 4*w, 5*i + v*w = 24. What are the prime factors of i?
2
Suppose -4*k + 3 + 41 = 0. Let b(a) = 6*a**2 - 1. Let f be b(-1). Suppose -f*t = -6*t + k. List the prime factors of t.
11
What are the prime factors of (-4 - -61)*(-1)/(-3)?
19
Suppose 3*g = 5*g - 82. List the prime factors of g.
41
Let n(g) = g**3 + 2*g**2 - 3*g + 1. Let l = 5 + -2. Let p be (-3)/(-1) + -4 + l. List the prime factors of n(p).
11
Suppose 2*x - 6*x + 20 = 0. Let k(v) = v**3 + 6*v**2 + v + 6. Let z be k(-6). Suppose -t - w = -8, z*t = -x*t + w + 34. What are the prime factors of t?
7
Suppose -i + 14 = 3*n, -4*n + 18 = -i + 2*i. Suppose -3*g + 12 = -2*d - i*d, -2*g + 8 = d. Suppose d = -2*r + 9 + 1. What are the prime factors of r?
5
Let a = 3 + -3. Suppose 2*f + 2*q - 58 = a, 4*f + 2*q = f + 84. What are the prime factors of f?
2, 13
Let k = -55 - -121. List the prime factors of k.
2, 3, 11
Let u be (-10)/8 + 2/8. Let w be (1 + u)*1/(-2). Let n(g) = g + 2. List the prime factors of n(w).
2
What are the prime factors of (13 + 1)*3 + -1?
41
Let d(v) = 3*v + 2. Let t(w) = -8*w - 6. Let f(j) = -7*d(j) - 2*t(j). Let u be f(-2). List the prime factors of (u/10)/(4/10).
2
Suppose f = -3, 552 = 3*z + 2*z - 4*f. List the prime factors of (z/(-60))/((-1)/25).
3, 5
Suppose 5*h = -j - j + 571, 2*h + 5*j = 241. What are the prime factors of h?
113
Let b = -7 - -8. Let o(l) = 10*l**3 - l**2 - l + 1. List the prime factors of o(b).
3
Suppose -3*f - 9 = -21. Suppose 0*i - f = i. Let r(c) = -c**2 - 6*c - 6. What are the prime factors of r(i)?
2
Suppose 2*y - 229 = o, 0*y + 4*y = -3*o + 473. What are the prime factors of y?
2, 29
Let m(d) = d**3 + 2*d**2 - 2*d - 4. Let r be m(-3). Let l = 11 + r. Suppose 26 = l*t - 2*t. List the prime factors of t.
13
Suppose -d = -7 + 9. List the prime factors of d/(-5) + 46/10.
5
Suppose 5*n + 2*n - 693 = 0. List the prime factors of n.
3, 11
Suppose 5*m - c = 103, 3*m - 88 + 29 = 2*c. Suppose 3*r + 18 = 3*l, 5*r - m = -l + 3. What are the prime factors of l?
3
Suppose 4*t = 6*t - 128. List the prime factors of t.
2
Let t(x) = x**3 - x**2 - x - 5. List the prime factors of t(4).
3, 13
Let v = 171 + -102. List the prime factors of v.
3, 23
Let i = -138 - -193. What are the prime factors of i?
5, 11
Let i(j) = -j**3 - 5*j**2 - j + 4. Let t(p) = 3*p + 2. Let q be t(-2). Let c be i(q). Let s = c - -16. What are the prime factors of s?
2
Let t be 2 + (2 - 1) + 1. Suppose -w = -3*w - t. Let r = w + 12. What are the prime factors of r?
2, 5
Let r = 84 + -33. List the prime factors of r.
3, 17
What are the prime factors of (4/12)/((-1)/(-105))?
5, 7
Let a = -8 - -12. Let n = a - 0. What are the prime factors of n?
2
Let u(k) be the third derivative of k**5/60 + k**4/6 + k**3 - 2*k**2. Let x be 5/(1/(-1)*1). What are the prime factors of u(x)?
11
Let h(x) = -4*x + 2. Let g be h(5). Let c = g - -12. Let y(f) = -3*f - 8. What are the prime factors of y(c)?
2, 5
What are the prime factors of 82 - ((-10)/(-35))/((-2)/(-14))?
2, 5
Let g = -103 + 236. What are the prime factors of g?
7, 19
Let k(y) = y + 5. Let b be k(-5). Suppose 8*n - 35 = -3. Suppose -3*h + n*h - 16 = b. List the prime factors of h.
2
Let u(l) = -l + 9. Let q be u(13). What are the prime factors of q + (4 - 0) + 33?
3, 11
Let g(d) be the second derivative of d**5/20 - 13*d**4/12 + 7*d**3/3 - 3*d. List the prime factors of g(12).
2, 3
Let w(s) = -s**2 + 9. Let g be w(0). Let d be (12/7)/((-2)/(-21)). Suppose -2*h + 4*l + 3 + g = 0, 3*h - d = -5*l. List the prime factors of h.
2, 3
Let a = -424 + 605. List the prime factors of a.
181
Suppose -2*d = d + 30. List the prime factors of (-124)/d - (-2)/(-5).
2, 3
Let c = 305 + -115. List the prime factors of c.
2, 5, 19
Let w be (-7)/(-21)*(-1 - -88). Suppose 4*o - z = w, -4*o + 14 + 6 = -4*z. What are the prime factors of o?
2
Let l(q) = 4*q**2 + 5*q - 6. List the prime factors of l(-6).
2, 3
Suppose 3*q - 13 = 35. List the prime factors of q.
2
Suppose -2*v + 4*v - 2*g = 30, 47 = 5*v + 2*g. List the prime factors of v.
11
Suppose v = 7*h - 6*h - 2, 0 = -4*v + 3*h - 3. Suppose v*a = 6*a - 6. Suppose -2*d = -5*d + a*s + 34, 4*d = s + 52. What are the prime factors of d?
2, 7
List the prime factors of (-56)/(-2) + (4 - 3).
29
Suppose -5*g = -g - 12. What are the prime factors of 12/g*(-11)/(-2)?
2, 11
What are the prime factors of (105/(-30))/(1/(-12))?
2, 3, 7
Suppose -4*o + 491 = 5*r - 825, 0 = -2*r - 3*o + 525. What are the prime factors of r?
2, 3, 11
Let p be 8 + -8 + 5 - (1 - -1). Let r = 3 - 7. List the prime factors of r/p*-2*3.
2
Let r(v) = -68*v - 9. What are the prime factors of r(-2)?
127
Suppose -2*i + n = -33, -5*n = 2*i - 0*n - 15. List the prime factors of i.
3, 5
Let i(q) = 3*q**2 + 3*q + 3*q**2 + 5*q**2 - 3. Let n be i(3). What are the prime factors of n/20 - (-1)/(-4)?
5
Let y(s) = s**3 + 9*s**2 + 7*s - 6. Let j be y(-8). Suppose -q - j*v = -17, 4*v = q - 5*q + 60. What are the prime factors of q?
13
Suppose -o = -4*j + 87, 2*j - 17 - 9 = 4*o. What are the prime factors of j?
23
Suppose 3*d - 8 - 4 = 0. Suppose -4*n + 60 - 24 = 2*m, d*n = -3*m + 60. List the prime factors of m.
2, 3
Let m(d) be the third derivative of d**7/5040 - d**6/360 + d**5/20 - 2*d**2. Let g(a) be the third derivative of m(a). List the prime factors of g(5).
3
Suppose 0 = 4*k - 20, 5*d + 2*k - 90 = 3*k. Suppose -5*i = x - d, -i = -5*x + i + 41. Suppose -3*l = -5*b - x, 2*b - 1 = 5. What are the prime factors of l?
2
Let f = 13 - 2. List the prime factors of f.
11
Let b(p) = -p**2 + 11*p. Let n(u) = u + 13. Let s be n(-7). List the prime factors of b(s).
2, 3, 5
Suppose -4*k = -3*k. Let u be (k + 3 - 2) + 13. Suppose u = 4*p - 26. List the prime factors of p.
2, 5
Suppose 0 = -5*l + s + 111, -14 = -5*s + 6. List the prime factors of l.
23
Suppose 0 = 2*q - 0*q - 4. Suppose -2*y = -q - 4. List the prime factors of y.
3
Let p = 28 + -63. Let x = 65 + p. What are the prime factors of (x/(-3))/((-4)/6)?
3, 5
Let j(n) = -2*n + 1. Let i be j(-1). Suppose i*c + 1 = -u + 10, -3*c + 18 = 4*u. What are the prime factors of u?
3
Suppose 3 = -5*z - 17. List the prime factors of z - (3 - 6) - -35.
2, 17
Suppose 4*v + a + 6 = 46, 51 = 5*v + a. List the prime factors of v.
11
What are the prime factors of (4/(-6))/(3/((-405)/10))?
3
Suppose 0 = 5*y + 20, 3*v + 5*y - 24 = -v. Suppose 16 = b - v. List the prime factors of b.
3
Let u be -2*58/4*-1. Let x = u + -5. What are the prime factors of x?
2, 3
Let r be 14/21 + (-10)/(-3). Suppose r*q - 80 = o, -q - 26 = -3*q + 4*o. What are the prime factors of q?
3, 7
Let w(c) = c**2 + 7*c - 8. Let z be w(-8). Suppose -3*f + 73 = 4*t, -f + 5*t + 0*t - 1 = z. What are the prime factors of f?
19
Suppose -3*o + 3*t - 6 = 0, 3*o + 2 = -0*o + 2*t. Let y = o - 2. Suppose -z